3121 is divided by -1 - (-10)/3 - 36/27 - -10?
8
Suppose 0 = 4*z + 4*m - m - 88, 22 = z - m. Let j be (-10)/(-15) - (-704)/6. Suppose -202 = -5*u + j. Calculate the remainder when u is divided by z.
20
Suppose 0 = 13*d - 6911 - 902. What is the remainder when d is divided by 197?
10
Let k = -99 - -101. Suppose 2*o - 40 + 16 = 0. Calculate the remainder when 12/6 + 64/k is divided by o.
10
Let j be (-36)/8*2*-1. Let g(q) = -q + 20. What is the remainder when g(j) is divided by (-10)/45 - 228/(-54)?
3
Let b(c) = -2*c**2 + 33*c - 40. Suppose -4*j - 14 + 98 = 0. Let y be b(j). Let u = y - -404. Calculate the remainder when u is divided by 22.
21
Suppose -4*o + 5*i + 34 = -114, 5*i - 188 = -4*o. What is the remainder when 964 is divided by o?
40
Suppose -12*g = -42*g + 20850. Suppose -57*j + g - 182 = 0. What is the remainder when 19 is divided by j?
1
Suppose 4*k - 692 - 603 = -3*k. Calculate the remainder when 195 is divided by k.
10
Suppose -35 = -4*g - 7. Let y = -596 + 588. Let r(z) = 3*z**3 + 20*z**2 - 32*z + 4. What is the remainder when g is divided by r(y)?
3
Let i = 12 + -10. Suppose -4*b - 12 = s, -s - b + 13 = -i*b. Suppose -34*h = -27*h - 602. Calculate the remainder when h is divided by s.
6
Let v(b) = b**3 + 12*b**2 + 9*b - 7. Let k be v(-10). Let p = k + -64. Let m = p + 7. Calculate the remainder when m is divided by 12.
10
Let g be (-1)/2*(195/(-3) + 1). Suppose 14*a = 12*a + g. Suppose -3*r + 4*r = a. What is the remainder when r is divided by 8?
0
Let c(x) = -x - 170. Suppose 3*r + 9 = -5*j, -2*r = -j + 9 - 3. Let k be c(j). What is the remainder when (-8 + k)/((-4)/2) is divided by 15?
14
Suppose 0 = 49*x - 56*x + 6321. Suppose -14*t = -21*t + x. Calculate the remainder when t is divided by 66.
63
Let n(j) = j**3 + 51*j**2 - 61*j - 437. Calculate the remainder when 394 is divided by n(-52).
22
Let h(f) = -9*f**3 - 2*f + 1. Let b be h(1). Let x = 26 - b. Let k = -127 - -141. Calculate the remainder when x is divided by k.
8
Let i be -47*1 + (13 + 7)/(-5). Calculate the remainder when 51 is divided by 6 - (-824)/68 - (-6)/i.
15
Suppose -999 = 1128*s - 1137*s. Calculate the remainder when 1215 is divided by s.
105
Let z(p) = p**2 - 7*p - 12. Suppose -2*c = 5*h - 237, -118 = -3*h + h + 5*c. Let s = -34 + h. What is the remainder when s is divided by z(9)?
3
Suppose 3*h + 0*h - 9 = 0. Let k(t) = -953*t - 1884. Calculate the remainder when k(-2) is divided by (1/h)/(3/45).
2
Suppose -17072 = 3*y - 19*y. Suppose 4*j + 9*u = 4*u + y, -2*j + 511 = -5*u. Calculate the remainder when j is divided by 110/9 + (-2)/9.
11
Suppose 3*d + 117 = 5*d - k, -3*d + k = -173. Let n = -48 + d. What is the remainder when 21 is divided by n?
5
Let z = -57 - 222. Calculate the remainder when (z/6)/(5/(-10)) is divided by 47.
46
Suppose -1637*b + 1650*b - 208 = 0. Let g(u) = 155*u**3 + u**2 - 2*u. Calculate the remainder when g(1) is divided by b.
10
Let n(y) = y**2 - 13*y - 192. What is the remainder when 562 is divided by n(-9)?
4
Let z(r) = r**3 + 7*r**2 + 7*r + 7. Let y(o) = o**2 - 34*o - 54. Calculate the remainder when z(-5) is divided by y(-2).
4
Let a = 191 - 134. Suppose 5*f - 127 = 3*c, 7 = -2*f + c + a. Calculate the remainder when f is divided by 8.
7
Let d = 95 + -44. Suppose 1553*w - 145373 - 105413 - 219773 = 0. Calculate the remainder when w is divided by d.
48
Suppose 8*r - 93 - 395 = 0. What is the remainder when 298 is divided by r?
54
Suppose 12 = -4*j - 0, 2*k + 5*j + 283 = 0. Let w = 165 + k. Calculate the remainder when 57 is divided by w.
26
Suppose 0 = -2*c + 10, -32 + 7 = 2*z - 5*c. Let f(t) = -4 - t**2 - 3*t + z*t**2 + 1 - 43*t**3. Calculate the remainder when 125 is divided by f(-1).
41
Let s = -3 + 6. Suppose -3*d + 2*d + 17 = -4*q, 2*q - 37 = -s*d. What is the remainder when d is divided by 170/(-30)*-3 - 10?
6
Let r(f) = 2*f**2 - 26*f - 800. Suppose 0 = -3*t + 4*t - 197. What is the remainder when t is divided by r(-15)?
37
Let b(v) = 11*v - 142. Suppose 146 = 20*r - 274. What is the remainder when b(r) is divided by 23?
20
Suppose -2*p + 125 = 5*a, -286 = -7*p + 3*p + 2*a. Suppose 3*b = -5*t + 226 - 72, 4*b = -2*t + p. Calculate the remainder when 107 is divided by t.
20
Let x(l) = -l**2 + 6*l + 134. Let q be x(15). What is the remainder when 198 is divided by q/(-5) - 3184/(-80)?
38
Suppose -3*a + 900 = 3*j, 5*a - 6*j + 8*j - 1491 = 0. Calculate the remainder when a is divided by 23.
21
Let c(d) = 2*d**3 + d**2 - 3*d + 2. Let g be c(1). Let u(k) = 15*k**2 - 7*k + 8. What is the remainder when u(g) is divided by 46?
8
Suppose 7*q - 3840 - 2003 = 2571. Calculate the remainder when q is divided by 201.
197
Let j = 61 - 40. Suppose 5*h = -35 - 15. What is the remainder when (-4)/h + (-1386)/(-35) is divided by j?
19
Suppose 21*i - 64 = 41. Let t(z) = z**3 - 5*z**2 + 5*z - 5. Suppose -3*v + 25 = 2*x - 179, -5*v + 335 = 5*x. What is the remainder when v is divided by t(i)?
10
Suppose -3*v + 12 = -9. Let d be (-280)/105 + 161/3. Suppose -23*x + d = -20*x. Calculate the remainder when x is divided by v.
3
Let f = -247 - -104. Let v = -122 - f. What is the remainder when 120 is divided by v?
15
Let t = 440 + -6. Let s = -401 + t. Calculate the remainder when 102 is divided by s.
3
Suppose 0 = 25*n - 0*n - 3000. Suppose -n*o = -114*o - 210. Calculate the remainder when o is divided by 15.
5
Suppose 5*g = 4*f + 202, -g - g - f + 73 = 0. What is the remainder when g is divided by 14?
10
Suppose -2*j + 386 = 4*a, 4*j + a - 6*a - 785 = 0. Let i = 256 - j. Calculate the remainder when i is divided by 17.
10
Suppose -c + 159 = 2*c. Let f be (-1)/((-2)/(-24)*-3). Suppose 0 = f*a - n - 34, -a - 33 = -4*a - 3*n. Calculate the remainder when c is divided by a.
8
Let p = -162 - -160. Let y(f) = 5 - f + 22*f**2 + 1 + 1 - 2. What is the remainder when y(p) is divided by 33?
29
Let x(i) = i - 17. Suppose -5*w + 3*t = 18, 0*w = 4*w - 5*t + 4. Let u be x(w). Let f(s) = -s**2 - 25*s - 43. What is the remainder when 3 is divided by f(u)?
0
Suppose 51 = 3*k - 99. What is the remainder when 227 is divided by (-3 - -1)/(k/(-275))?
7
Let r = -16 - -173. Suppose -45 - 5 = -10*y. Suppose y*l - 271 = 2*j, 0*l + j = 4*l - 215. Calculate the remainder when r is divided by l.
51
Let k = 228 - 188. What is the remainder when k is divided by 15?
10
Let x(u) = 20*u**3 + 2*u**2 - 1. What is the remainder when ((-1)/(-1) + 3)*((-13311)/(-34))/27 is divided by x(1)?
16
Let u = 11068 + -11046. What is the remainder when 4234 is divided by u?
10
Let a(v) = 2*v**2 - 15*v - 907. Calculate the remainder when 512 is divided by a(-20).
126
Suppose -9*y = 4*f - 12*y - 737, -188 = -f - 3*y. Calculate the remainder when 881 is divided by f.
141
Let d be (-138)/(-27) + 16/(-144). Suppose 64 - 174 = -d*u. Suppose -4*k = 4*f - 132, -2*k + 0*k - 10 = 0. What is the remainder when f is divided by u?
16
Suppose -2381 = -70*s + 11759. What is the remainder when s is divided by (2/(-5))/((-6)/180)?
10
Let z(q) = -460*q + 27150. Let r = 63 - -44. Calculate the remainder when r is divided by z(59).
7
Let i(u) be the third derivative of -u**5/60 - 5*u**4/12 - 4*u**3/3 + 5*u**2. Let n = 2008 + -1987. Calculate the remainder when n is divided by i(-8).
5
Let c = -109 - -163. Let h = c - 38. Calculate the remainder when 29 is divided by h.
13
Suppose 185*f + 432 = 212*f. What is the remainder when 488 is divided by f?
8
Let w(h) = h**3 - 2*h - 8*h - 2*h**3 + 14*h + 2*h**2 - 10. Calculate the remainder when w(-5) is divided by 21.
19
Suppose 6931 = -30*u + 8821. Suppose -z = t + 6 - 258, 5*z - 1251 = -2*t. Calculate the remainder when z is divided by u.
60
Let t(b) = -b**2 + 51*b + 687. Calculate the remainder when t(25) is divided by 267.
2
What is the remainder when (-4 + -2 - 1393252/(-595)) + 2/5 is divided by 78?
74
Suppose -17*a + 2296 = 1973. Calculate the remainder when 113 is divided by a.
18
Let f(n) = -4*n + 14 + 0*n - 6 + 3*n. What is the remainder when ((-463)/(-3) - (-4)/(-12))/2 is divided by f(-8)?
13
Let f = 322 + 136. What is the remainder when f is divided by (-2507)/(-92) - (-3)/(-12)?
26
Let j = 4 - 7. Let o(i) = i**2 - i + 1. Let f(x) = 2*x**3 + 6*x**2 - 8*x - 14. Let h(t) = -f(t) + 2*o(t). Calculate the remainder when 46 is divided by h(j).
14
Suppose -618 = 4*p -